ppose -20 = h*u - 32. Calculate r(u).
-7
Suppose 7 = -r - 3*j - 25, -4*r = -2*j + 58. Let b(q) = -q**2 - 18*q - 1. Determine b(r).
16
Let w(y) = 1 + y + y**3 - 2 + 7*y**2 - y**2 + 0*y. Let l(d) = d**2 + 34*d + 30. Let n be l(-33). Determine w(n).
23
Let q(h) = -h**3 - 5*h**2 - 7*h - 9. Suppose -m + 11 = 3*w, 3*m - 2*w + 11 = -11. Calculate q(m).
3
Let t be (112/(-252))/(12/(-9)). Let u(x) be the first derivative of -7 - t*x**3 + 7*x + 1/2*x**2. Calculate u(5).
-13
Let q(o) = 2*o**2 + 13*o - 11. Let t(v) = -v**2 - 7*v + 6. Let l(r) = 6*q(r) + 11*t(r). Let j(g) = 2*g**3 - 14*g**2 - 90*g + 19. Let d be j(11). Give l(d).
6
Let q(k) = k**2 - 2*k - 1. Let u(b) = -3*b**2 + 3*b + 1. Let p(j) = 5*q(j) + 2*u(j). Let n(v) = -6*v - 62. Let d be n(-10). Give p(d).
1
Let n(l) be the third derivative of l**4/24 + 13*l**3/3 - 206*l**2 - 1. Determine n(-8).
18
Let s be -24*3/(-39) - 8/(-52). Let j be -3 + 18/(-12) + 1/s. Let g(q) be the first derivative of q**4/4 + 2*q**3 + 5*q**2/2 - 2*q - 1. Determine g(j).
10
Let p(q) = 25*q + 2. Let r(c) = 20*c + 3. Let m(s) = 5*p(s) - 6*r(s). Determine m(6).
22
Let u(y) = -4 + 5*y - y**2 + 2*y**3 + 8*y**2 - 3*y**3 - 3*y**2. Suppose 0 = 2*f + 4*r - 4, -21 - 3 = -5*f + 4*r. Determine u(f).
16
Let l(z) = -14*z**3 + 1. Let t be -4*(-2)/(-8)*-2. Let o = -214 - -216. Let a be t/(5/((-5)/o)). Calculate l(a).
15
Suppose 127 - 125 = n. Let l(a) = a + 2 - 6*a + 3*a**n - a**2. Determine l(4).
14
Suppose 0 = 4*b - 9*b + 35. Let l(i) = -3*i - 7. Let q be l(-3). Let r(o) = -6*o**3 + q + o + b*o**3 - o**2 + 1 - 3*o**2. What is r(4)?
7
Let g(u) be the third derivative of -u**5/60 + u**4/24 + u**3/6 + 46*u**2. Let d(w) = -5*w**2 + 6*w + 6. Let t(v) = -d(v) + 6*g(v). What is t(2)?
-4
Let b(z) be the third derivative of z**6/360 - z**5/24 - z**4/3 - z**3/6 + 18*z**2. Let y(l) be the first derivative of b(l). What is y(6)?
-2
Let c be (-33)/(-44) - (-3)/(-4). Suppose c = 3*w - 0*w - 12. Let z(s) = 3*s - s**3 + 3*s**2 + 0*s**2 + 0*s. Calculate z(w).
-4
Let h(b) = b**3 + 5*b**2 - 6*b - 3. Suppose 3*i - 3 - 6 = 0. Suppose 4*o + 19 = q + 4*q, -2*o - 9 = -i*q. Determine h(o).
-3
Suppose 0 = 76*l - 131 - 21. Let d(r) be the first derivative of 1 + 0*r**2 + 0*r + 1/3*r**3. Determine d(l).
4
Let n(i) be the second derivative of -2*i**5/5 + i**4/12 + i**3/6 - 15*i**2/2 + 34*i. Let t(y) = 3*y**3 + 5. Let b(o) = -4*n(o) - 11*t(o). Calculate b(-4).
21
Let y(k) = 2*k + k**2 + 6 - 4 - k - 2 + 1. What is y(-1)?
1
Let r(h) = -6*h**2 + 2*h + 11. Let y(i) = -7*i**2 + 2*i + 11. Let f(u) = -5*r(u) + 4*y(u). Let x(w) be the first derivative of f(w). Give x(-2).
-10
Let q(n) = -n**3 - 5*n**2 + 7. Suppose 7*i + 0*i + 35 = 0. Determine q(i).
7
Let v(c) be the first derivative of -c**3/6 + c**2 - 9*c + 5. Let p(m) be the first derivative of v(m). What is p(5)?
-3
Let i(d) = -d**3 - 16*d**2 - 15*d + 15. Suppose -15*l = -12 + 237. Calculate i(l).
15
Let d(l) = l**3 - 6*l**2 + 7*l - 7. Let u be d(5). Let b(r) be the first derivative of r**4/4 - 2*r**3/3 - r**2/2 - r + 168. Give b(u).
5
Let a(v) = 5*v**2 - 32*v + 14. Let c be a(6). Let h(j) = j**3 - 5*j**2 + 4*j. What is h(c)?
-4
Let m(z) = 2*z**3 + 4*z**2 + z - 14. Let h be m(-5). Let k = h - -173. Let f(n) = n**3 - 6*n**2 + 3*n - 1. Determine f(k).
-21
Let g(c) = -c**2 - 6. Let a be 3 - (6 - 6 - -3). Calculate g(a).
-6
Let q(a) = -4*a**2 - 1 + 2*a**2 - 16*a**3 + a**2 + 3*a**2. Suppose -4*u = -4*b - 16, -2*b + 3*u - 11 = -0*u. Calculate q(b).
17
Let k(g) be the first derivative of 1/2*g**2 + 0*g - 4/3*g**3 + 2. Determine k(-1).
-5
Let z be (-6)/(-9) + (-602)/21. Let c = -25 - z. Let s(h) = -h**2 - 2 + 2*h**2 - 2*h**2 + 4*h. What is s(c)?
1
Let p(q) = 2*q**2 + 11*q - 6. Let y be p(-6). Let b(l) = -l**3 + l + 19. Give b(y).
19
Let w(k) be the first derivative of 5/2*k**2 + 1/3*k**3 + 2 + 5*k. Suppose -24 = -2*l + 6*l. Calculate w(l).
11
Let p be 502/(-12) - (-10)/(-60). Let t = p - -64. Let d = t + -19. Let x(i) = 3*i**2 - 5*i + 2. Calculate x(d).
14
Let w(c) = 2*c**2 + c - 1. Let q be w(1). Let x(i) = q*i + 2*i + 8*i - 5 - 11*i. Give x(4).
-1
Let u(k) = -4*k**2 + 3*k + 4. Let i(a) = 2*a + 4. Let s(t) = -i(t) + u(t). Let q(c) = c - 6. Let g be q(4). What is s(g)?
-18
Let n(b) = b**3 - b**2 + b - 7. Suppose 14*z - 327 = -285. What is n(z)?
14
Let k(c) = 4*c**2 - 5 + c**3 - 240*c - 256*c + 494*c. Determine k(-3).
10
Let o(h) = 85*h - 3 - 14*h - h**2 - 66*h. Give o(6).
-9
Let j(y) = -3*y**3 - 4*y**2 + 4*y + 4. Let a(s) = 14*s - 9*s**2 - 6*s**3 - 6*s - s**3 + 8. Let k(u) = -2*a(u) + 5*j(u). What is k(-3)?
1
Let d(m) = -4*m + 9. Let l be d(4). Let u(x) = x + 16. Determine u(l).
9
Let z(g) = 15*g + 2*g - 12*g - 3 - 6*g. What is z(-11)?
8
Suppose 2*g - 34 = -g - t, 0 = -5*g + 5*t + 30. Suppose -6*f - 16 = -g*f. Let v(y) = 6*y - f + 8 - 5. Give v(1).
5
Let a(f) = 9*f. Let k(o) = -11*o. Let r(i) = -6*a(i) - 5*k(i). What is r(13)?
13
Let d(y) = -11*y + 6. Let g(i) = -6*i + 1. Let c(o) = -d(o) + 2*g(o). Give c(9).
-13
Suppose 0 - 4 = 4*l. Let a(z) be the second derivative of 3*z**5/5 + z**3/6 + z**2/2 + 5*z - 4. Calculate a(l).
-12
Let n(q) = q**2 + 13*q + 10. Let i = 623 + -630. Determine n(i).
-32
Let r(c) be the third derivative of c**6/120 - c**4/8 - c**3 + c**2 + 140. Give r(-2).
-8
Let v(s) = -s**3 + s**2 - s + 4. Suppose 0 = -3*d + 4*a + 136, a + 2 = -a. Let u = d - 44. What is v(u)?
4
Let i(x) = -20*x + 39. Let s(q) = -18*q + 36. Let o(l) = -6*i(l) + 7*s(l). Calculate o(4).
-6
Let z(o) = -5*o - 3. Let v(q) = 6*q + 3. Let u(h) = 6*v(h) + 7*z(h). Let c(y) = 2 + 4 - 4 + y**2 + 1. Let i be c(0). Calculate u(i).
0
Let x(j) = j**2 - 13*j + 16. Let z = -683 + 695. Determine x(z).
4
Let m(w) be the third derivative of -w**4/6 - 35*w**3/6 + 2*w**2 + 84. What is m(-9)?
1
Let u(a) = -a**3 + 12*a**2 - 4*a - 81. Let v be u(11). Let m(n) = -5*n + n**2 - 6 - n**2 - 2*n**2. What is m(v)?
-18
Let a(x) = -9 - 5*x - 7*x**2 - 9*x + 3*x + x**3 - 4*x**2. Let m be a(12). Suppose -4*q - 4*r = 28, m*r + 20 = -2*q + 1. Let g(d) = d**3 + d**2 - 1. Give g(q).
-5
Let a(y) = 3*y. Let g(n) = -19*n - 3. Let m(s) = -5*a(s) - g(s). What is m(-4)?
-13
Let j(k) be the first derivative of -3*k + 1/3*k**3 - 48 - 4*k**2. Give j(7).
-10
Let d = 41 - -10. Let t(u) = -d*u + 22*u + 28*u. Determine t(2).
-2
Let f(a) = -2*a + 2. Let x(u) = u. Let v(t) = f(t) + x(t). Let b = 168 - 161. Give v(b).
-5
Let c(m) = 3*m + 11. Let h(w) = 6*w - 9. Let g(s) = -8*s + 10. Let z(t) = 4*g(t) + 5*h(t). Let p = -6 - -4. Let v(k) = p*c(k) - 5*z(k). Calculate v(-2).
-5
Let k(t) be the third derivative of -45*t**2 + 0 - 1/24*t**4 + 0*t + 1/60*t**5 - 1/6*t**3. Let i(c) = c**3 + 4*c**2 + 4*c. Let x be i(-3). Determine k(x).
11
Suppose 4*j = 6*j + 90. Let s = j - -38. Let l(d) = -d**3 - 7*d**2 + d + 6. Calculate l(s).
-1
Let i(c) = -13*c**3 - 9*c**2 + 13*c - 1. Let l(b) = 3*b**3 + 2*b**2 - 3*b. Let f(j) = 2*i(j) + 9*l(j). Let z be (2/9 + 39/(-54))*0. Calculate f(z).
-2
Let b(a) be the first derivative of 4*a - 1/4*a**4 - 10 + 5/2*a**2 - a**3. Give b(-3).
-11
Let f(z) = z**3 + z**2 - 1. Let i be (-56 - 0) + -2 + 3. Let n = i - -56. What is f(n)?
1
Let q(c) = 2*c**2 - c + 1. Let m(v) = 6*v - 21. Let k be m(4). Suppose -k = 2*w - 7. Give q(w).
7
Let v be -8 - (27/(-18))/(9/(-12)). Let a(b) = 0*b**3 + 2*b**2 + b**3 + 7*b**2 + 11 - 8*b. What is a(v)?
-9
Let y(q) = q**2 - 6*q + 11. Suppose -25 = -d + 5*j, 0 = -3*d - 5*j - 5. Determine y(d).
6
Let l(t) = 3*t**2 - 17*t - 4. Let c be l(6). Let h(k) = -2*k - 9. Let f be h(-6). Let x(q) = f + 4*q**2 - q**2 - 5 - q. Give x(c).
8
Let h(c) = -c - 2. Let b = 0 + 4. Suppose 10 = 2*m + r, b*r = -4*m - 7 + 31. Suppose -2*n + m*n = -6. Calculate h(n).
1
Let j(m) = 3*m**2 + 2*m + 24. Let o(f) = -5*f**2 - f - 22. Let n(p) = 3*j(p) + 2*o(p). Determine n(7).
7
Let a(q) = -q**3 + 821 - 7*q - 396 + 2*q**3 - 5*q**2 - 414. Calculate a(6).
5
Let i(z) = -2*z - 7. Let p(w) = -w - 3. Let m(j) = -2*i(j) + 5*p(j). Let l be -5 + 15/((-10)/2). Let a be l/12 - 4/(-6). What is m(a)?
-1
Let u(g) be the second derivative of 5*g**3/6 + g. Let v be (4/6)/(12/72). Suppose 9 - v = -5*o. Give u(o).
-5
Let u be 2/7 - (-46)/(-14). Let v(r) be the third derivative of -r**5/30 - r**4/8 - r**3/2 - 57*r**2. What is v(u)?
-12
Let b(z) = -z**2 - 67*z - 315. Let f be b(-5). Let t(c) = 4